{"id":72434,"date":"2017-01-18T12:21:26","date_gmt":"2017-01-18T17:21:26","guid":{"rendered":"https:\/\/www.chcfinc.org\/clearinghouse\/establezca-su-programa\/corporacion-de-responsabilidad-limitada-llc\/"},"modified":"2017-10-03T11:55:55","modified_gmt":"2017-10-03T15:55:55","slug":"corporacion-de-responsabilidad-limitada-llc","status":"publish","type":"page","link":"https:\/\/www.chcfinc.org\/clearinghouse\/establezca-su-programa\/corporacion-de-responsabilidad-limitada-llc\/","title":{"rendered":"Corporaci\u00f3n de Responsabilidad Limitada (LLC)"},"content":{"rendered":"<p>[vc_row type=&#8221;container&#8221; padding_top=&#8221;&#8221; padding_bottom=&#8221;&#8221;][vc_column css=&#8221;.vc_custom_1444995043702{margin-bottom: 35px !important;}&#8221;][vc_column_text]Debido a que los miembros de la LLC (propietarios) no son empleados, los aportes para los sistemas de Seguridad Social y Medicare no se retienen de los cheques de sueldo. En lugar de eso, la mayor\u00eda de los propietarios de las LLC debe pagar estos impuestos denominados \u201c<a href=\"https:\/\/www.chcfinc.org\/clearinghouse\/managing-your-program\/record-keeping-taxes\/#1448028091064-b0447745-4e24\">impuestos de trabajo independiente<\/a>\u201d directamente al IRS.<\/p>\n<p>La regla actual es que cualquier propietario que trabaje en el negocio o que ayude debe pagar impuestos de trabajo independiente sobre su participaci\u00f3n. No obstante, los propietarios que no est\u00e9n activos en la LLC, es decir, aquellos que simplemente invirtieron dinero, pero que no proporcionan servicios o toman decisiones de administraci\u00f3n para la LLC pueden estar exentos de pagar impuestos de trabajo independiente de su participaci\u00f3n en las ganancias.<\/p>\n<p>Cada propietario que est\u00e9 sujeto al impuesto de trabajo independiente, informa el monto adeudado en el Cronograma SE (Formulario 1040), que debe enviarse de manera anual con la declaraci\u00f3n tributaria. Los propietarios de la LLC (y los propietarios exclusivos y socios) pagan el doble del\u00a0<a href=\"https:\/\/www.chcfinc.org\/clearinghouse\/managing-your-program\/record-keeping-taxes\/#1448028091064-b0447745-4e24\">impuesto de trabajo independiente\u00a0<\/a>como empleados regulares, debido a que los aportes de los empleados regulares para el impuesto de trabajo independiente se igualan con el de los empleadores.\u00a0 No obstante, los propietarios de la LLC tambi\u00e9n deben deducir la mitad del monto total de la ganancia imponible, l\u00ednea 27 del Formulario 1040.[\/vc_column_text][\/vc_column][\/vc_row][vc_row type=&#8221;container&#8221; padding_top=&#8221;&#8221; padding_bottom=&#8221;&#8221;][vc_column][vc_tta_accordion active_section=&#8221;0&#8243; collapsible_all=&#8221;true&#8221;][vc_tta_section title=&#8221;Formar una LLC en el Estado de Nueva York&#8221; tab_id=&#8221;1449262529385-c6a87a1a-c9d3&#8243;][vc_column_text]Por lo general, los miembros propietarios de la LLC no tienen ninguna responsabilidad personal en relaci\u00f3n con las obligaciones de la entidad. Existen instancias en las que los miembros propietarios pueden asumir responsabilidades personales por parte de la corte por las acciones de la LLC. Esto se conoce como \u201clevantamiento del velo corporativo\u201d.<\/p>\n<p>Como negocio con sede en el hogar, los proveedores de servicios familiares de cuidado infantil pueden ser particularmente desafiados a demostrar que el negocio es independiente y diferente del miembro propietario. Como consecuencia, existen m\u00e1s posibilidades de que se levante el velo corporativo.<\/p>\n<p>La manera m\u00e1s efectiva de protegerse contra esto es obtener la cobertura de seguro adecuada. <a href=\"https:\/\/www.chcfinc.org\/clearinghouse\/managing-your-program\/insurance-legal\/\">Consulte aqu\u00ed para m\u00e1s informaci\u00f3n.<\/a><\/p>\n<h3><strong>Formaci\u00f3n de la LLC:<\/strong><\/h3>\n<ul>\n<li>Complete los \u00a0<a href=\"http:\/\/www.dos.ny.gov\/forms\/corporations\/1336-f.pdf\">formularios<\/a> de los Estatutos de la Organizaci\u00f3n (las instrucciones est\u00e1n disponibles en la p\u00e1gina Web \u00a0<a href=\"http:\/\/www.dos.ny.gov\/corps\/llcguide.html\">Gu\u00eda NY DOS LLC (NY DOS LLC Guide)<\/a>.<\/li>\n<li>Firme y archive los Estatutos de la Organizaci\u00f3n que hayan creado la compa\u00f1\u00eda con responsabilidad limitada (LLC). Cualquier persona o negocio podr\u00eda ser un organizador.<\/li>\n<li>Env\u00ede los Estatutos de la Organizaci\u00f3n completos junto con la tarifa de presentaci\u00f3n de $200 a: New York Department of State, Division of Corporations, One Commerce Plaza, 99 Washington Avenue, Albany, NY 12231. La presentaci\u00f3n puede realizarse a trav\u00e9s de correo, fax o\u00a0<a href=\"https:\/\/appext20.dos.ny.gov\/ecorp_public\/f?p=201:17:10017564978766\">en l\u00ednea<\/a>.<\/li>\n<li>Aseg\u00farese que el nombre de la compa\u00f1\u00eda de responsabilidad limitada se distinga de los nombres de las dem\u00e1s compa\u00f1\u00edas de responsabilidad limitada, corporaciones y sociedades limitadas que ya se encuentran en los registros. Consulte la\u00a0selecci\u00f3n de nombres de una LLC \u00a0y\u00a0<a href=\"http:\/\/www.dos.ny.gov\/corps\/bus_entity_search.html\">busque en la base de datos de la corporaci\u00f3n y la entidad comercial (Corporation &amp; Business Entity Database)<\/a>.<\/li>\n<li>La Ley de Compa\u00f1\u00edas de Responsabilidad Limitada requiere una copia de los Estatutos de la Organizaci\u00f3n o una notificaci\u00f3n relacionada con la formaci\u00f3n de la mayor\u00eda de las compa\u00f1\u00edas de responsabilidad limitada por publicarse en dos peri\u00f3dicos durante seis semanas consecutivas. \u00a0Se debe enviar un Certificado de la Publicaci\u00f3n, junto con las declaraciones juradas de la publicaci\u00f3n de los peri\u00f3dicos anexados al presente al Departamento del Estado, junto con una tarifa de presentaci\u00f3n de $50. Se encuentra m\u00e1s informaci\u00f3n disponible en el sitio Web de la\u00a0<a href=\"http:\/\/www.dos.ny.gov\/corps\/llcguide.html\">Gu\u00eda NY DOS LLC <\/a>.<\/li>\n<li>La LLC necesitar\u00e1 un n\u00famero de identificaci\u00f3n del contribuyente, que se obtiene del Servicio de Impuestos Internos (<a href=\"http:\/\/www.irs.gov\/\">http:\/\/www.irs.gov\/<\/a>).<\/li>\n<li>Es posible que la LLC deba pagar o recaudar impuestos de ventas, retenci\u00f3n tributaria y otros impuestos seg\u00fan la naturaleza del negocio. (<a href=\"http:\/\/www.tax.ny.gov\/pubs_and_bulls\/tg_bulletins\/st\/do_i_need_to_register_for_sales_tax.htm\">NYS Tax Bulletin ST-175, 2010<\/a>).<\/li>\n<\/ul>\n<p>El personal del Departamento del Estado no puede proporcionar asesoramiento legal; sin embargo, est\u00e1 disponible para ayudarlo respondiendo preguntas acerca de la presentaci\u00f3n de documentos de la LLC al (518) 473-2492 o con cualquier pregunta que pueda tener a trav\u00e9s de\u00a0<a href=\"http:\/\/www.dos.ny.gov\/corps\/contact.html#fax\">correo electr\u00f3nico<\/a>.<\/p>\n<p>Recursos y enlaces:<\/p>\n<p><a href=\"http:\/\/www.dos.ny.gov\/corps\/llcguide.html\">http:\/\/www.dos.ny.gov\/corps\/llcguide.html<\/a>[\/vc_column_text][\/vc_tta_section][vc_tta_section title=&#8221;El acuerdo operativo de la LLC: No trabaje sin tenerlo &#8221; tab_id=&#8221;1449288181550-0585d226-b1d8&#8243;][vc_column_text]Si bien no es obligatorio que el proveedor tenga un acuerdo operativo, no se aconseja administrar una LLC sin tenerlo, aun cuando el proveedor sea el propietario exclusivo de la compa\u00f1\u00eda.<\/p>\n<p>El motivo principal para realizar un acuerdo operativo es ayudar a garantizar que los tribunales respeten la responsabilidad personal limitada.<\/p>\n<p>Un miembro propietario LLC puede asumir responsabilidades personales por parte del tribunal por acciones de la compa\u00f1\u00eda en diferentes circunstancias, conocidas como \u201clevantamiento del velo corporativo\u201d.<\/p>\n<p>Como negocio con sede en el hogar, los proveedores de servicios familiares de cuidado infantil pueden ser particularmente desafiados a demostrar que el negocio es independiente y diferente del miembro propietario. Como consecuencia, existen m\u00e1s posibilidades de que se levante el velo corporativo.<\/p>\n<p>La manera m\u00e1s efectiva de que el proveedor de servicio de cuidado infantil se proteja contra esto es obtener la cobertura de seguro adecuada.\u00a0<a href=\"https:\/\/www.chcfinc.org\/clearinghouse\/managing-your-program\/insurance-legal\/\">Consulte aqu\u00ed<\/a> para obtener m\u00e1s informaci\u00f3n.<\/p>\n<p>Recursos y enlaces:<\/p>\n<p><a href=\"http:\/\/www.nolo.com\/legal-encyclopedia\/llc-operating-agreement-30232.html\">http:\/\/www.nolo.com\/legal-encyclopedia\/llc-operating-agreement-30232.html<\/a><br \/>\n<a href=\"http:\/\/www.nolo.com\/legal-encyclopedia\/personal-liability-piercing-corporate-veil-33006.html\">http:\/\/www.nolo.com\/legal-encyclopedia\/personal-liability-piercing-corporate-veil-33006.html<\/a><br \/>\n<a href=\"http:\/\/smallbusiness.chron.com\/write-single-member-operating-agreement-73805.html\">http:\/\/smallbusiness.chron.com\/write-single-member-operating-agreement-73805.html<\/a>[\/vc_column_text][\/vc_tta_section][\/vc_tta_accordion][\/vc_column][\/vc_row][vc_row type=&#8221;container&#8221; padding_top=&#8221;&#8221; padding_bottom=&#8221;&#8221;][vc_column][vc_column_text]<\/p>\n<h2>RECURSOS y ENLACES<\/h2>\n<p><a href=\"https:\/\/www.sba.gov\/content\/limited-liability-company-llc\" target=\"_blank\" rel=\"noopener\">Limited Liability Company (LLC)<\/a>[\/vc_column_text][\/vc_column][\/vc_row]<\/p>\n","protected":false},"excerpt":{"rendered":"<p>[vc_row type=&#8221;container&#8221; padding_top=&#8221;&#8221; padding_bottom=&#8221;&#8221;][vc_column css=&#8221;.vc_custom_1444995043702{margin-bottom: 35px !important;}&#8221;][vc_column_text]Debido a que los miembros de la LLC (propietarios) no son empleados, los aportes para los sistemas de Seguridad Social y Medicare no se retienen de los cheques de sueldo. En lugar de eso, la mayor\u00eda de los propietarios de las LLC debe pagar estos impuestos denominados \u201cimpuestos de [&hellip;]<\/p>\n","protected":false},"author":1,"featured_media":0,"parent":72358,"menu_order":4,"comment_status":"closed","ping_status":"closed","template":"","meta":{"_acf_changed":false,"jetpack_post_was_ever_published":false,"footnotes":""},"class_list":["post-72434","page","type-page","status-publish","hentry"],"acf":[],"jetpack_sharing_enabled":true,"jetpack_shortlink":"https:\/\/wp.me\/P6XtFU-iQi","_links":{"self":[{"href":"https:\/\/www.chcfinc.org\/clearinghouse\/wp-json\/wp\/v2\/pages\/72434","targetHints":{"allow":["GET"]}}],"collection":[{"href":"https:\/\/www.chcfinc.org\/clearinghouse\/wp-json\/wp\/v2\/pages"}],"about":[{"href":"https:\/\/www.chcfinc.org\/clearinghouse\/wp-json\/wp\/v2\/types\/page"}],"author":[{"embeddable":true,"href":"https:\/\/www.chcfinc.org\/clearinghouse\/wp-json\/wp\/v2\/users\/1"}],"replies":[{"embeddable":true,"href":"https:\/\/www.chcfinc.org\/clearinghouse\/wp-json\/wp\/v2\/comments?post=72434"}],"version-history":[{"count":14,"href":"https:\/\/www.chcfinc.org\/clearinghouse\/wp-json\/wp\/v2\/pages\/72434\/revisions"}],"predecessor-version":[{"id":73075,"href":"https:\/\/www.chcfinc.org\/clearinghouse\/wp-json\/wp\/v2\/pages\/72434\/revisions\/73075"}],"up":[{"embeddable":true,"href":"https:\/\/www.chcfinc.org\/clearinghouse\/wp-json\/wp\/v2\/pages\/72358"}],"wp:attachment":[{"href":"https:\/\/www.chcfinc.org\/clearinghouse\/wp-json\/wp\/v2\/media?parent=72434"}],"curies":[{"name":"wp","href":"https:\/\/api.w.org\/{rel}","templated":true}]}}